se 0 = -4*y - 16, -3*z + 67 = 4*y - 16. What is the remainder when z is divided by 15?
3
Let p be -373*1/7 - 2/(-7). Let f = 88 + p. Calculate the remainder when 68 is divided by f.
33
Suppose -w + 10 = -2*w. Calculate the remainder when (w + 2)/(-1) + 1 is divided by (-4)/24*420/(-14).
4
Let t = 15 + -37. Let v = 78 - t. Calculate the remainder when v is divided by 34.
32
Let a(u) = 34*u + 4. Suppose -5*w - 203 + 244 = f, -4*w = -5*f - 56. Calculate the remainder when a(3) is divided by w.
7
Let w = 3 - 1. What is the remainder when (-84)/(-5) + 1*2/10 is divided by w?
1
Let b = -199 - -231. What is the remainder when b is divided by 10?
2
Suppose 2*g + 3*g - 15 = 0. Let i(b) = 10 - b + g*b**2 - 10. Calculate the remainder when 39 is divided by i(2).
9
Suppose 2*u - 33 = -2*t + u, 5*t = u + 72. Let a be -3 + 0/(-1 + 4). Calculate the remainder when t is divided by 2 + -1 + (a - -6).
3
Let h = 131 - 86. Calculate the remainder when 219 is divided by h.
39
Suppose 819 - 270 = 9*u. Let k = 103 + -70. What is the remainder when u is divided by k?
28
Let m = -13 - -19. Suppose -m*o - 9 + 39 = 0. Calculate the remainder when 24 is divided by o.
4
Let y(t) = -8*t**2 - 146*t + 9. Calculate the remainder when y(-5) is divided by 135.
134
Suppose 0 = 23*b - 284 - 567. Calculate the remainder when 400 is divided by b.
30
Let q = 471 + -454. What is the remainder when 201 is divided by q?
14
Suppose -5*a + 51 = -99. Let u(i) = -i**3 - 7*i**2 - 7*i - 7. Let y be u(-6). Calculate the remainder when a is divided by 14 + (-6 - (y - 2)).
8
Suppose -2*f - 2*g + 140 = 0, -f + 3*g + 32 + 26 = 0. What is the remainder when f is divided by 62?
5
Let m be ((4/(-6))/((-8)/(-60)))/(-1). Suppose -p = -m - 6. Calculate the remainder when 42 is divided by p.
9
Suppose 30 = 2*n + 6. Calculate the remainder when 35 is divided by (8 - 1) + n/6.
8
Calculate the remainder when -27*((-902)/(-99) - 12) is divided by 41.
37
Let q = -2 + 4. Suppose q*u - 55 = -3*x + 7*u, -u - 2 = 0. Calculate the remainder when 101 is divided by x.
11
Suppose 3*b = -0*b + 21. Let r be (-120)/18*63/(-6). What is the remainder when b is divided by (-30)/r + 31/7?
3
Suppose -5*v - 5 = -15. Suppose -o = -6*o - 15, -14 = -d + v*o. Calculate the remainder when 38 is divided by d.
6
Let d = -52 + 86. Let x = d + 1. What is the remainder when x is divided by 2*(-7)/(14/(-12))?
11
Let h be (3 + 3)*(1 + -2). Let j be h + (0 - 3) - -3. Let q(l) = 2*l**2 + 10*l + 7. Calculate the remainder when 37 is divided by q(j).
18
Let h(r) = -2*r**2 + 26*r - 9. Let d be h(11). Let c = 25 - 8. What is the remainder when (14/d)/(1/210) is divided by c?
16
Let z(n) = -6*n + 5 - n + n + 0*n. What is the remainder when z(-22) is divided by 20?
17
What is the remainder when 305 is divided by 5 + -2 - (3 - 17)?
16
Let x = 716 - 704. What is the remainder when 215 is divided by x?
11
Suppose -8 = -4*m, 3*p + 0*m = m + 52. Suppose -4*a = v + 12, 4*v - 4*a - 36 = -4. What is the remainder when p is divided by v?
2
Let w(l) = 2*l**2 + 3*l - 15. Let v(g) = -28*g + 1. Let p = -5 + 3. What is the remainder when v(p) is divided by w(-5)?
17
Suppose 0*m = 3*m - 288. What is the remainder when m is divided by 25?
21
Let s = -78 - -38. Let i = 89 + s. Calculate the remainder when i is divided by 26.
23
Let r(n) = -2*n - 2. Let g be r(-4). Let m = g - 3. Suppose -z - 2*t = 3*t - 16, m*z = 2*t + 48. Calculate the remainder when 46 is divided by z.
14
Suppose 145 = 4*c - 11*k + 6*k, 55 = c - 5*k. Let m(q) = -10*q + 127. Calculate the remainder when c is divided by m(12).
2
Suppose 4*n = 3*v - 0*n - 574, 0 = -4*v - 3*n + 807. Calculate the remainder when v is divided by 98.
2
Suppose -425 + 41 = -16*s. Calculate the remainder when 251 is divided by s.
11
Let v(f) = -146*f - 20. What is the remainder when v(-1) is divided by 2?
0
Suppose 0*j = -3*j + 66. Calculate the remainder when 10 is divided by 4/(-6)*(-165)/j.
0
Suppose -5*s - 4*d = -0*s - 10, -27 = s - 5*d. What is the remainder when s/(-3)*(-2 - (-55 - 4)) is divided by 20 - (-2)/(-6)*0?
18
Let t(k) = -2*k + 6. Let r be t(9). Let m = 11 + r. Calculate the remainder when m + -3 + 32*1 is divided by 15.
13
Suppose 0 = q + 2*n + 4, 3*n = q - 8 + 2. Suppose 5*r + o - 174 = q, 3*r - 4*o - 86 = -0*r. What is the remainder when (r/(-17))/(4/(-90)) is divided by 12?
9
Let f(s) = s**3 - 27*s**2 - 93*s + 2. Let t(j) = -9*j - 4. Calculate the remainder when t(-5) is divided by f(-3).
8
Suppose -3*d = 5*b - d - 5, -2*d - 10 = 0. Suppose g + t + b*t = 56, -21 = -g + 3*t. Suppose -4*r = -r - g. Calculate the remainder when r is divided by 3.
0
Let x = -36 - -55. Let h = 39 - x. Calculate the remainder when h is divided by 7.
6
Let c = 697 + -516. What is the remainder when c is divided by 46?
43
Suppose 2*f - 5*v - 4 = -0, 5*f + v - 37 = 0. Calculate the remainder when 28 is divided by f.
0
Suppose -o = 2 + 15. Let j be 2/(-8) - (-516)/16. Let h = o + j. What is the remainder when h is divided by 8?
7
Let f = -374 - -402. What is the remainder when 165 is divided by f?
25
Let y(j) = 36*j**2 - j - 8. Calculate the remainder when y(-3) is divided by 19.
15
Suppose c = -2*n - 10, 3*c + 0*c - 5*n - 25 = 0. Suppose x = -o, 2*o - 4*x - x - 7 = c. Suppose -4*m + 51 = -o. What is the remainder when 49 is divided by m?
10
Suppose 9*k = 6*k - 3, -2*k = -4*b + 50. Calculate the remainder when 332 is divided by b.
8
Let h = 520 - 71. What is the remainder when h is divided by 57?
50
Suppose 4*s = 2*a + 618, -5*s + 775 = 2*a - 4*a. Suppose c - s = 2*m, m - 10 = -m. What is the remainder when c is divided by 13?
11
Let o = 20 - 18. Suppose -2*y - 2*d = -y - 14, 0 = 5*y - o*d - 94. Calculate the remainder when 87 is divided by y.
15
Suppose -31*c + 28*c + 498 = 0. What is the remainder when c is divided by 14?
12
Let m(y) = -5*y - 36. Let i(f) = 68*f**2 + 2*f - 1. Let q be i(1). Let w = 124 - q. What is the remainder when w is divided by m(-10)?
13
Suppose 11*b + 5 = 12*b. Let r = 3 - b. Let t(d) = -18*d + 1. What is the remainder when t(r) is divided by 10?
7
Let y be (-6)/(-4)*(27 + -9). Calculate the remainder when 17 is divided by y/(-12)*(-16)/6.
5
Suppose 3*d = -2 + 2. Suppose 22 = 2*t - d. Calculate the remainder when 76 is divided by t.
10
Let b be (-2)/(-3)*(-2 - -134). Suppose 3*t = 5*t - b. Let l = t - 27. What is the remainder when 48 is divided by l?
14
Suppose 4 = u + u. Let f = 2 - -9. Calculate the remainder when (-34)/(-2) - u/(-1) is divided by f.
8
Let c(l) = 3*l**2 + 20*l - 6. Let k be c(-9). Calculate the remainder when (-9)/(-2)*76/k is divided by (6/(-8))/((-1)/4).
0
Suppose 5*i + 24 = -o, 8*o + 2*i + 5 = 3*o. Let r = 2 + o. Suppose 0*b + 5*f - 32 = -r*b, -4*f + 48 = 4*b. Calculate the remainder when b is divided by 5.
4
Let t = -92 - -137. Suppose -5*i + 4*q + t = 2*q, -2*q = 4*i - 18. What is the remainder when 31 is divided by i?
3
Let j(a) = -a**3 + 8*a**2 + 22*a - 9. Let m be j(9). Let s = m + -50. What is the remainder when s is divided by 20?
18
Suppose -b - 3*r - 3 = -2*r, 5*b - 5*r = 35. Suppose -b*v + 4*d + 31 = -49, 3*v - 90 = -4*d. Let p = -18 + 36. What is the remainder when v is divided by p?
16
Let r(t) = t**2 + 8*t + 11. Let z be r(-7). Suppose -4*f = -4, -2*h - z*f + 67 = -h. What is the remainder when h is divided by 13?
11
Let w(o) = 3*o**3 + 11*o**2 + 6*o + 2. Let c be w(-3). Suppose -2*p = 4*j + 14, p = 3*j + c*j + 28. What is the remainder when 23 is divided by p?
2
Let v(c) = c**3 - 11*c**2 - 47*c - 3. What is the remainder when v(15) is divided by 40?
32
Let q(s) = 9*s - 26. Let y(f) = -3*f - 6. Let r be y(-5). Suppose 0*h + 6 = 2*m - 2*h, -m + 4*h = -r. What is the remainder when q(3) is divided by m?
0
Suppose 4*m - 21 = 47. What is the remainder when 64 is divided by m?
13
Suppose 9*w - 4*w - 5 = -t, 0 = -5*t - 5*w + 5. Suppose t = 5*k - 10 - 305. What is the remainder when k is divided by 16?
15
Let p = 51 + -33. Suppose -5*c + p = -2*l, -6 + 0 = -5*c - l. Let i(b) = 14*b - 12. What is the remainder when c is divided by i(1)?
0
Suppose -5*k = -25, 4*p + 5*k = k + 48. Suppose -p + 33 = s. What is the remainder when s is divided by -2*1269/(-180) + 1/(-10)?
12
Let u(s) = 9*s - 7. Let w be u(1). Suppose h = -w*h - 6, 0 = -5*t - 2*h + 16. What is the remainder